 prime?
False
Is 61987957 prime?
True
Is 10327321 composite?
False
Is 255155 a composite number?
True
Is 13558927 prime?
False
Is 145473411 composite?
True
Is 15246143 a prime number?
False
Is 4888939 composite?
True
Is 703429 a prime number?
False
Is 258990301 composite?
True
Is 7658423 a composite number?
True
Is 4487213 a prime number?
True
Is 205294403 composite?
False
Is 329635 composite?
True
Is 3899431 a prime number?
False
Is 338480173 a composite number?
False
Is 1164409 a prime number?
True
Is 15388969 prime?
False
Is 21146231 prime?
True
Is 6660601 composite?
False
Is 36290321 composite?
False
Is 118007051 composite?
False
Is 113597321 prime?
False
Is 668109931 a composite number?
False
Is 3221774 a prime number?
False
Is 2963743 a prime number?
True
Is 14016635 prime?
False
Is 20395978 prime?
False
Is 1864231 prime?
False
Is 807839 prime?
False
Is 69632681 composite?
False
Is 123524393 a prime number?
True
Is 842021 prime?
True
Is 2339851 a prime number?
False
Is 998111 a prime number?
True
Is 19226567 composite?
False
Is 229803083 a prime number?
True
Is 80887 prime?
False
Is 636501029 a prime number?
False
Is 33726383 composite?
False
Is 185397929 a composite number?
False
Is 21799079 composite?
False
Is 207333263 prime?
False
Is 1038733 a composite number?
True
Is 32259767 prime?
True
Is 2941361 a composite number?
True
Is 471629273 a composite number?
True
Is 67010215 composite?
True
Is 2031635 prime?
False
Is 56575129 prime?
False
Is 220663 composite?
False
Is 278947855 a composite number?
True
Is 53875391 prime?
True
Is 7311383 prime?
True
Is 1148219 a prime number?
True
Is 8848657 prime?
False
Is 64857389 composite?
False
Is 594863 a composite number?
True
Is 25632109 a composite number?
False
Is 405039595 a composite number?
True
Is 28551101 prime?
True
Is 8505187 a composite number?
False
Is 2381849 composite?
False
Is 1216559 a composite number?
False
Is 357031897 a composite number?
False
Is 773446441 a prime number?
False
Is 69222961 composite?
False
Is 191922337 prime?
True
Is 5751745 prime?
False
Is 2185439 a prime number?
True
Is 3854127 composite?
True
Is 16882339 a prime number?
True
Is 5702819 prime?
True
Is 23931803 prime?
False
Is 4146497 a prime number?
True
Is 5316829 composite?
True
Is 11956837 prime?
True
Is 43276721 a prime number?
False
Is 97406759 prime?
True
Is 52946435 a composite number?
True
Is 14066609 prime?
True
Is 3953267 a prime number?
True
Is 27225074 composite?
True
Is 10189727 composite?
True
Is 1315711 a prime number?
True
Is 366048569 a composite number?
False
Is 54806813 composite?
True
Is 11379253 prime?
True
Is 5897939 composite?
True
Is 468122651 composite?
False
Is 8018617 a prime number?
False
Is 69022363 a composite number?
True
Is 2331863 prime?
False
Is 31040947 prime?
False
Is 10658743 a prime number?
True
Is 10289443 composite?
True
Is 1663511 prime?
False
Is 8150591 a composite number?
False
Is 17885519 a prime number?
True
Is 18022627 prime?
False
Is 1636457 a prime number?
True
Is 498493 a composite number?
False
Is 40421867 a composite number?
False
Is 57263 a composite number?
True
Is 8083787 a composite number?
True
Is 16652473 a prime number?
True
Is 68045059 composite?
False
Is 4720169 a composite number?
True
Is 4769593 a prime number?
True
Is 2660909 prime?
False
Is 997042 composite?
True
Is 5424231 a prime number?
False
Is 4549393 prime?
True
Is 590479 a composite number?
True
Is 90895361 a composite number?
False
Is 12189271 a prime number?
False
Is 214689983 composite?
True
Is 1012789 a composite number?
False
Is 1529578 prime?
False
Is 12464789 prime?
True
Is 7362997 a prime number?
True
Is 41583327 a prime number?
False
Is 123324281 a prime number?
False
Is 15634105 a prime number?
False
Is 4842221 prime?
True
Is 76301003 prime?
True
Is 12097201 prime?
True
Is 56429003 composite?
True
Is 136556443 prime?
True
Is 384563 a composite number?
True
Is 480881 composite?
False
Is 93546833 a prime number?
True
Is 37980971 a composite number?
True
Is 10173553 a composite number?
True
Is 3084149 a prime number?
True
Is 504341 a prime number?
False
Is 264525593 prime?
False
Is 36820717 a composite number?
False
Is 9981463 composite?
False
Is 81762139 a composite number?
True
Is 14828857 prime?
False
Is 22101907 a prime number?
True
Is 9887573 a prime number?
True
Is 5152859 composite?
False
Is 102660247 composite?
True
Is 3380387 composite?
False
Is 2687677 a prime number?
True
Is 31372369 a composite number?
True
Is 3768589 a composite number?
True
Is 53062291 composite?
False
Is 26129801 a prime number?
True
Is 65525639 composite?
False
Is 4012441 composite?
False
Is 99056717 a prime number?
True
Is 5733743 a composite number?
True
Is 5586853 a prime number?
True
Is 63451858 a prime number?
False
Is 24794461 composite?
True
Is 11890757 a prime number?
True
Is 6098587 a prime number?
False
Is 89384819 a composite number?
False
Is 1179648865 a composite number?
True
Is 20820281 a composite number?
True
Is 363677 a composite number?
False
Is 76876586 a prime number?
False
Is 53330467 a composite number?
False
Is 10197527 a composite number?
False
Is 9250319 a composite number?
True
Is 85236433 a composite number?
True
Is 1910789 a prime number?
False
Is 32647551 composite?
True
Is 9808339 prime?
False
Is 339991 composite?
False
Is 15919711 composite?
False
Is 753199913 a composite number?
True
Is 101537705 a prime number?
False
Is 382517 composite?
True
Is 7150189 a prime number?
True
Is 1258273 composite?
True
Is 22693687 prime?
True
Is 699398807 a prime number?
True
Is 122898851 composite?
False
Is 15196037 a composite number?
False
Is 124264103 prime?
True
Is 6301249 a prime number?
False
Is 2948237 composite?
True
Is 13449803 prime?
False
Is 208456739 composite?
False
Is 899447 a composite number?
False
Is 12049681 prime?
False
Is 912521 composite?
False
Is 1620877 a prime number?
False
Is 80925505 composite?
True
Is 878333 prime?
False
Is 97002111 prime?
False
Is 218326993 a composite number?
True
Is 15766733 a prime number?
False
Is 446813 prime?
False
Is 76017709 a prime number?
True
Is 13010363 a prime number?
False
Is 32321453 composite?
True
Is 2652449 a prime number?
False
Is 254647 composite?
False
Is 498643 composite?
False
Is 38766361 a composite number?
True
Is 1646143 composite?
False
Is 77653097 a prime number?
False
Is 71258809 prime?
True
Is 21648005 composite?
True
Is 3378289 a prime number?
True
Is 123590333 composite?
False
Is 3243719 composite?
True
Is 23506003 a prime number?
True
Is 15954217 composite?
False
Is 321247853 a prime number?
True
Is 48639791 prime?
False
Is 3503859 a prime number?
False
Is 439493 a prime number?
True
Is 12401251 a composite number?
False
Is 5693297 a prime number?
True
Is 325051 a composite number?
False
Is 930787709 prime?
True
Is 4776803 a composite number?
False
Is 286219637 a composite number?
True
Is 151493871 prime?
False
Is 290153823 composite?
True
Is 989934929 a prime number?
True
Is 2190809 a prime number?
True
Is 3597241 a composite number?
False
Is 18353186 prime?
False
Is 64976723 prime?
False
Is 10725643 prime?
True
Is 7845745 a prime number?
False
Is 616833949 prime?
True
Is 489287945 a prime number?
False
Is 39550607 a prime number?
True
Is 50951605 composite?
True
Is 313851587 composite?
True
Is 17413607 prime?
True
Is 835154 composite?
True
Is 9165193 a composite number?
True
Is 21280349 prime?
True
Is 152570531 composite?
False
Is 900959 a composite number?
False
Is 3699629 a composite number?
False
Is 1201159 prime?
False
Is 1259573 composite?
True
Is 21563281 a prime number?
False
Is 514621 a composite number?
False
Is 61118201 composite?
False
Is 10595281 a prime number?
True
Is 93840035 prime?
False
Is 1349603 a prime number?
False
Is 356887 a prime number?
True
Is 794360249 composite?
True
Is 2402951 a composite number?
False
Is 98324551 composite?
True
Is 99832597 a prime number?
True
Is 81551983 a prime number?
False
Is 9018818 prime?
False
Is 52040159 a composite number?
False
Is 23912777 a prime number?
False
Is 1177949 prime?
True
Is 84424415 a prime number?
False
Is 36617195 prime?
False
Is 1274399 a composite number?
True
Is 51648577 composite?
True
Is 64463129 a composite number?
False
I